 - 3*b**2 - 3*b**3 - 1 + 2*b**3. What is the units digit of s(-5)?
9
Suppose -4*y + 7 = 4*a - 9, y - a = 0. Suppose 0 = 3*w - w - l - 6, 4*w - 36 = -4*l. Let o = w - y. What is the units digit of o?
3
Let i(m) = m**2 + 5*m + 4. Let k be i(-3). Let n = 5 - k. What is the units digit of -4*(n/4 + -2)?
1
Let z(l) = 9*l**2 - 10*l + 9. What is the tens digit of z(4)?
1
Suppose q - 3*q + 10 = 0. Let y = -5 + q. What is the units digit of (12 + y)*1/3?
4
Suppose 6 = -0*d + 3*d, -26 = -3*v + 5*d. Suppose -8 = -2*i + 4*t, 3*i + 0*t = -t + v. What is the units digit of i?
4
Suppose -2 = -5*n + 13. What is the units digit of n?
3
Let j(r) = r**2 - 8*r - 1. Let t be j(7). Let x(b) = -b**3 - 8*b**2 + 8. What is the units digit of x(t)?
8
Let p(t) = 10*t**2 + 5*t**3 + 22*t**3 - 8*t**2 - t. What is the units digit of p(1)?
8
Let w be (-8)/20 - 54/(-10). Suppose -3*f + 55 = 4*d, -3*d + 99 = w*f - 0*d. What is the units digit of f?
1
Suppose 0 = p + 3*w - 10, -4*w = 5*p + w - 20. Suppose 0 = 5*a, -14 - p = -5*z + 5*a. Suppose 25 = -5*h, 2*h - 10 = -z*k + h. What is the units digit of k?
5
Let m(c) = 5*c**2 + c + 5. What is the tens digit of m(3)?
5
What is the tens digit of 0 + 38 + (-12 - -11)?
3
Let b(k) = 4*k**2 + 15*k + 4. What is the tens digit of b(-6)?
5
Let s = 14 + -8. Suppose -s*w = -3*w - 66. What is the tens digit of w?
2
What is the units digit of ((150/9)/5)/(20/1170)?
5
Suppose -3*l - 9 = -54. Suppose 0 = -2*s - i + 3, -3*s + l = -s + 5*i. Suppose 10 = 2*c - s*c. What is the units digit of c?
5
Let h be -16 + 12 - (0 - -2). What is the units digit of h/(-10) + (-32)/(-5)?
7
Let d = -14 + 17. Suppose -7*a + d*a + 29 = -r, -4*r - 18 = -2*a. What is the units digit of a?
7
What is the units digit of (-2 + -364)*((-16)/6)/4?
4
Let p(w) = 32*w**2 - 4*w + 2. Let t be p(2). Let v be t/14 + (-2)/(-7). What is the units digit of (-6)/v - (-34)/6?
5
Let u be (3 - 0 - -8) + 2. Let q = 39 - u. What is the tens digit of q?
2
Suppose -6*x + 6 = -3*x. What is the tens digit of x - -21 - (-7 + 4)?
2
Let c = 7 - 7. Suppose c = 5*u - 15, -11 = -4*m - 4*u + 3*u. Suppose -30 = -7*j + m*j. What is the units digit of j?
6
Suppose 4*a = 9 - 1. Suppose n - 52 = -2*m + 5*n, -a = n. What is the units digit of m?
2
Let v(y) = -y**3 - 4*y**2 + 5*y + 2. Let m be v(-5). Suppose m*h - z + 5*z = 38, -7 = -3*h + 4*z. What is the units digit of h?
9
Let i(m) = 2*m**2 + m - 7. What is the units digit of i(-5)?
8
Let m be 0/(-1*(0 - 1)). Let t = 12 + m. What is the tens digit of t?
1
Let b(y) = -37*y**3 - y**2 + 2*y + 2. What is the tens digit of b(-1)?
3
Suppose -3*o + 2*c = -13, c = -3*o - c + 17. Suppose -o*p = -2*p - 27. What is the units digit of p?
9
Suppose 4*c - 4 = 6*c. What is the units digit of 16/3*(c + 5)?
6
Let m = -10 + 2. Let h = m - -25. Suppose -6*b + 2*l + 45 = -b, b - h = 2*l. What is the units digit of b?
7
Let p be (3/2)/((-3)/(-52)). Suppose 4*k + 4*c = 32, -5*k + p = -c - c. What is the units digit of 3/(5 + -2) + k?
7
Suppose -4 - 14 = -2*t. Let c = -6 + t. Suppose -f - 14 = -4*y, -7 + 18 = c*y - f. What is the units digit of y?
3
Let r(j) = j**2 + 8*j - 7. Let h be r(-10). Suppose -5*z - 18 = -2*w - z, -w + 3*z = -h. What is the units digit of w?
1
Let a(w) = w + 20. What is the units digit of a(0)?
0
Let m(h) = -h**2 + 3*h + 4. Let c be m(4). Suppose -5*v + c = -5. Suppose 2*g = -o, -o + v + 1 = g. What is the units digit of o?
4
Let d(u) = u**2 + 10*u + 2. Let o be d(-10). Suppose -o*c = -5*c + 54. What is the units digit of c?
8
Let y = -56 - -142. What is the tens digit of y?
8
Suppose 4*o - 2*u = o + 114, -2*o + 2*u + 78 = 0. Let h = 16 - o. What is the units digit of (h/(-8))/(2/4)?
5
Suppose -2*t + 5*m = 10, -3*t + 2*m - 3 = -10. Suppose -3*k + t*k = 46. What is the tens digit of k?
2
Let w = -110 + 136. What is the units digit of w?
6
Let k(w) = 15*w - 2. What is the tens digit of k(5)?
7
Let m be 15/(-9)*(-6)/2. Let d(y) = 2*y - 2. What is the units digit of d(m)?
8
Suppose -5*b + 20 = -c, 0 = -5*c + 3*b - 12 - 0. Suppose -4*d = -1 - 11, 5*y + d + 2 = c. Let r = y - -7. What is the units digit of r?
6
Suppose -4*u = 62 + 10. What is the units digit of ((-3)/(-2))/(u/(-168))?
4
Suppose 0 = 3*j + h - 191, -5*h + 298 = 5*j - 27. What is the tens digit of j?
6
Suppose 1089 + 41 = 5*p. What is the tens digit of p?
2
Suppose -2*o + 480 = -178. What is the hundreds digit of o?
3
Let c = 8 - -10. Let j = -8 + c. What is the units digit of j?
0
What is the tens digit of (584/24)/(1/3)?
7
Let j be 12 - (-3)/6*0. What is the tens digit of 6/(-4)*(-152)/j?
1
Let y be 0 - (1 + -4 - 1). Suppose 0 = -y*m + 6 + 38. What is the units digit of m?
1
What is the tens digit of (-510)/(-22) + (-8)/44?
2
Let v(x) = x**2 + 5*x - 2. Let o be v(-5). Let j = -3 - o. What is the units digit of (7 - 0) + 2/j?
5
Suppose 4*a + 2*i - 160 = -2*i, -a + 34 = -2*i. What is the tens digit of a?
3
Let f(q) = -q - 1. Let u be f(-7). What is the units digit of (u - (-3 - -3))*2?
2
What is the hundreds digit of (153/5)/(5/25)?
1
Let y = -42 - -95. What is the tens digit of y?
5
Let h be -2*(-3)/(-3)*-1. Suppose -5*t = -5, 3*g - 62 = -h*g - 2*t. What is the tens digit of g?
1
Suppose 10 = -5*n, -5*g - 51 = -3*n - 132. What is the tens digit of g?
1
Suppose -2*w + 28 = -p + 2*p, 5*p - 3*w = 205. What is the units digit of p?
8
Suppose -m + 0*m = -58. What is the tens digit of m?
5
Suppose -15 = -5*h, 4*f - 26 = 3*h + 189. What is the tens digit of f?
5
Let f = -2 - -11. Let a be (f/(-6))/(3/4). What is the units digit of ((-21)/(-14))/(a/(-4))?
3
Let b = -6 - -14. What is the units digit of b*-1*3/(-3)?
8
Let i be 1*-1*2 - -4. Suppose n - 4*n = 3*w + 9, w = -i*n - 7. What is the units digit of 4 - (0 + 2 + n)?
6
Suppose 3*n - n - 14 = 0. What is the units digit of (-1)/((7/(-6))/n)?
6
Let v(j) = -j**3 - 5*j**2 - 5*j - 1. Let l(w) = -w**2 + w + 5. Let t be l(0). Suppose y + 4*i - 5 = 11, t*y + 15 = -i. What is the units digit of v(y)?
3
Let w = -1 + 24. What is the tens digit of w?
2
Suppose -2*h = 4*q - 156, 4*q = -h - 0*h + 76. What is the tens digit of h?
8
Suppose -k - 3*h = -8*h + 6, 2*k = -2*h + 12. Suppose k*t - 34 = 90. What is the tens digit of t?
3
Suppose 6*k - 60 = -0*k. What is the units digit of k?
0
Let d(l) = 23*l - 3. What is the units digit of d(9)?
4
Let c(k) = -112*k**3 + 1. What is the tens digit of c(-1)?
1
Let g(i) = i**2 + 2*i - 7. What is the units digit of g(3)?
8
Let n(g) = 7*g + 1. Let j be n(5). Suppose h = 5*h - j. Suppose 0 = 2*b + 10, -2*x - b + h = 2*b. What is the units digit of x?
2
Let s be 6/(3 - (-132)/(-40)). What is the units digit of (0 + 16/s)*-5?
4
Suppose 2*v - 2 = -i + 10, 4*i + 12 = 2*v. What is the tens digit of (-3)/v + (-75)/(-6)?
1
Suppose 0 = 4*k - 16, 4*f = 3*k - 8*k + 472. What is the hundreds digit of f?
1
Let s = -11 + 12. What is the units digit of s?
1
Suppose -n + 1 = -c, -4*n - c = c - 22. Suppose -2*j - 74 = -n*j. What is the units digit of j?
7
Suppose -z + m = -1, 0*m = -3*m + 3. Suppose -6 = -4*s + z*s. Let f(y) = -y**3 + 3*y**2 + 3*y - 2. What is the units digit of f(s)?
7
Suppose x + 362 = 2*g, g + 7*x - 175 = 6*x. What is the tens digit of g?
7
Suppose -11 = -5*v - u, 5*u + 32 = 6*v - 2*v. Suppose 0 = t + v*t - 20. What is the units digit of t?
5
Let m = -266 - -385. What is the units digit of m?
9
Suppose 3 = 2*c + 9. Let m = -3 - c. Suppose m*u = -3*u + 27. What is the units digit of u?
9
Let z be (-6)/(-24) + (-1)/4. What is the units digit of z + (3 - 4 - -30)?
9
Suppose -9 = 2*j - 3. Let t be j*(15/(-9) - -3). What is the tens digit of ((-3)/t)/((-4)/(-112))?
2
Suppose 5*g - 86 = -5*s + 9, 0 = -g + 4*s + 4. Suppose 0*d - 3*d + 12 = 0, -d = -2*y + g. Let x = y - 3. What is the units digit of x?
7
Suppose -47 = -5*j - 2*m - 1, -j + 2*m = -2. Let u = j + -4. What is the units digit of u?
4
Suppose -14 = -2*i - i - 2*p, 4*i + 5*p - 28 = 0. Suppose -3 = -i*b + 7. Suppose 0 = -b*x + 38 + 17. What is the units digit of x?
1
Let p = -67 - -122. What is the units digit of p?
5
Let t(o) be the third derivative of o**4/2 + 11*o**3/6 + 5*o**2. What is the tens digit of t(4)?
5
Let d(t) = 3*t - 1. Let b be d(1). Let v(x) = 2*x**3 - 3*x**2 + 1. What is the units digit of v(b)?
5
Let m(u) = u**2 + u - 1. Let w be m(-6). Let n = -